{"id":1540,"date":"2021-03-11T14:09:01","date_gmt":"2021-03-11T13:09:01","guid":{"rendered":"https:\/\/rvm1882.wp-hosting.dnl-computer.de\/?page_id=1540"},"modified":"2021-03-18T11:05:20","modified_gmt":"2021-03-18T10:05:20","slug":"kooperationen","status":"publish","type":"page","link":"https:\/\/rvm1882.de\/index.php\/rudern\/kooperationen\/","title":{"rendered":"Kooperationen"},"content":{"rendered":"\n<h2 class=\"wp-block-heading\">\u2026 mit dem <strong>Sportinternat M\u00fcnster <\/strong><\/h2>\n\n\n\n<p>Du bist Sch\u00fcler oder Sch\u00fclerin einer weiterf\u00fchrenden Schule und willst deine schulische Ausbildung und Deine sportliche Karriere in der Sportart Rudern unter optimalen Bedingungen vorantreiben?<\/p>\n\n\n\n<p>Das <strong><a href=\"https:\/\/sportinternat-muenster.de\" target=\"_blank\" rel=\"noreferrer noopener\">Sportinternat M\u00fcnster<\/a> <\/strong>erm\u00f6glicht Dir, aufgrund der engen Zusammenarbeit der Schule und dem St\u00fctzpunkt, ein optimales Zeitmanagement. So ist es m\u00f6glich, neben einem Fr\u00fchtraining auch Ausfallzeiten durch ein ausgekl\u00fcgeltes System von F\u00f6rder-, St\u00fctzunterricht und Nachhilfe zu kompensieren. Bei Bedarf werden Klassenarbeiten auch auf dem Lehrgang oder dem Wettkampf nachgeschrieben. Selbstverst\u00e4ndlich unter Aufsicht von Lehrern, bzw. Vertrauenspersonen.<\/p>\n\n\n\n<p>Das Internat beh\u00e4lt insgesamt f\u00fcr alle kooperierenden Sportarten 32 Pl\u00e4tze bereit. Die Sch\u00fcler gehen dabei entweder auf die <strong>NRW Sportschule (Pascal-Gymnasium)<\/strong> oder auf eine der im Verbundsystem \u201eSchule und Leistungssport\u201c kooperierenden Schulen (z.B. <strong>Annette-zu-Droste-H\u00fclshoff Gymnasium<\/strong>).<\/p>\n\n\n\n<p>Als Zugangsvoraussetzung bedarf es, je nach Sportart einer Kaderangeh\u00f6rigkeit oder eine Empfehlung unseres St\u00fctzpunkttrainers.<\/p>\n\n\n\n<h2 class=\"wp-block-heading\"><strong>\u2026 mit den M\u00fcnsteraner Hochschulen<\/strong><\/h2>\n\n\n\n<p>Aufgrund der Kooperation und N\u00e4he zur <strong>Partnerhochschule des Spitzensports (WWU M\u00fcnster)<\/strong> besteht die M\u00f6glichkeit, nach Beendigung der Schullaufbahn die Ausbildung in M\u00fcnster weiter fortzusetzen. So haben studierende SpitzensportlerInnen die Chance, zeitgleich eine sportliche Karriere und ein Studium durchzuf\u00fchren, sowie Benachteiligungen in der Ausbildung auszugleichen. In den Genuss der F\u00f6rderung kommen StudentInnen und StudienbewerberInnen, die vom adh und dem jeweils zust\u00e4ndigen nationalen Spitzenverband oder Olympiast\u00fctzpunkt in ein F\u00f6rderprogramm aufgenommen werden.<\/p>\n\n\n\n<p>Die Hochschule gew\u00e4hrleistet dabei die Unterst\u00fctzung bei der Zulassung zum Studium, bei Beratung, pers\u00f6nlicher Betreuung, Beurlaubungen, Flexibilisierung der Studienplanung durch Urlaubssemester, flexible Anwesenheit, auch mit der M\u00f6glichkeit Fehlzeiten nachzuarbeiten, individuelle Pr\u00fcfungstermine, Teilzeitstudium sowie die Nutzung der Sportanlagen.<\/p>\n\n\n\n<p>Die Infrastruktur des Landesleistungsst\u00fctzpunktes, die N\u00e4he zum <strong>Olympiast\u00fctzpunkt in Dortmund<\/strong> sowie zum <strong>Nachwuchs-Leistungsst\u00fctzpunkt Essen<\/strong> bieten dabei Ruderern optimale Bedingungen Sport und Studium miteinander zu verbinden.<\/p>\n\n\n\n<p><strong>Ansprechpartner:&nbsp;<\/strong>Leitender Trainer Thorsten Kortmann&nbsp;<a href=\"mailto:kortmann@rvm1882.de\">kortmann@rvm1882.de<\/a><\/p>\n\n\n\n<p><\/p>\n","protected":false},"excerpt":{"rendered":"<p>\u2026 mit dem Sportinternat M\u00fcnster Du bist Sch\u00fcler oder Sch\u00fclerin einer weiterf\u00fchrenden Schule und willst deine schulische Ausbildung und Deine sportliche Karriere in der Sportart Rudern unter optimalen Bedingungen vorantreiben?&hellip;<\/p>\n","protected":false},"author":2,"featured_media":971,"parent":748,"menu_order":0,"comment_status":"closed","ping_status":"closed","template":"","meta":{"_monsterinsights_skip_tracking":false,"_monsterinsights_sitenote_active":false,"_monsterinsights_sitenote_note":"","_monsterinsights_sitenote_category":0,"footnotes":""},"aioseo_notices":[],"yoast_head":"<!-- This site is optimized with the Yoast SEO plugin v22.6 - https:\/\/yoast.com\/wordpress\/plugins\/seo\/ -->\n<title>Kooperationen - Ruderverein M\u00fcnster von 1882 e. V.<\/title>\n<meta name=\"description\" content=\"Kooperationen des Ruderverein M\u00fcnster 1882 e.V. mit dem Sportinternat M\u00fcnster und den M\u00fcnsteraner Hochschulen\" \/>\n<meta name=\"robots\" content=\"index, follow, max-snippet:-1, max-image-preview:large, max-video-preview:-1\" \/>\n<link rel=\"canonical\" href=\"https:\/\/rvm1882.de\/index.php\/rudern\/kooperationen\/\" \/>\n<meta property=\"og:locale\" content=\"de_DE\" \/>\n<meta property=\"og:type\" content=\"article\" \/>\n<meta property=\"og:title\" content=\"Kooperationen - Ruderverein M\u00fcnster von 1882 e. V.\" \/>\n<meta property=\"og:description\" content=\"Kooperationen des Ruderverein M\u00fcnster 1882 e.V. mit dem Sportinternat M\u00fcnster und den M\u00fcnsteraner Hochschulen\" \/>\n<meta property=\"og:url\" content=\"https:\/\/rvm1882.de\/index.php\/rudern\/kooperationen\/\" \/>\n<meta property=\"og:site_name\" content=\"Ruderverein M\u00fcnster von 1882 e. V.\" \/>\n<meta property=\"article:modified_time\" content=\"2021-03-18T10:05:20+00:00\" \/>\n<meta property=\"og:image\" content=\"https:\/\/rvm1882.de\/wp-content\/uploads\/2021\/01\/DSC_8128_web.jpg\" \/>\n\t<meta property=\"og:image:width\" content=\"1980\" \/>\n\t<meta property=\"og:image:height\" content=\"1320\" \/>\n\t<meta property=\"og:image:type\" content=\"image\/jpeg\" \/>\n<meta name=\"twitter:card\" content=\"summary_large_image\" \/>\n<meta name=\"twitter:label1\" content=\"Gesch\u00e4tzte Lesezeit\" \/>\n\t<meta name=\"twitter:data1\" content=\"2\u00a0Minuten\" \/>\n<script type=\"application\/ld+json\" class=\"yoast-schema-graph\">{\"@context\":\"https:\/\/schema.org\",\"@graph\":[{\"@type\":\"WebPage\",\"@id\":\"https:\/\/rvm1882.de\/index.php\/rudern\/kooperationen\/\",\"url\":\"https:\/\/rvm1882.de\/index.php\/rudern\/kooperationen\/\",\"name\":\"Kooperationen - Ruderverein M\u00fcnster von 1882 e. V.\",\"isPartOf\":{\"@id\":\"https:\/\/rvm1882.de\/#website\"},\"primaryImageOfPage\":{\"@id\":\"https:\/\/rvm1882.de\/index.php\/rudern\/kooperationen\/#primaryimage\"},\"image\":{\"@id\":\"https:\/\/rvm1882.de\/index.php\/rudern\/kooperationen\/#primaryimage\"},\"thumbnailUrl\":\"https:\/\/rvm1882.de\/wp-content\/uploads\/2021\/01\/DSC_8128_web.jpg\",\"datePublished\":\"2021-03-11T13:09:01+00:00\",\"dateModified\":\"2021-03-18T10:05:20+00:00\",\"description\":\"Kooperationen des Ruderverein M\u00fcnster 1882 e.V. mit dem Sportinternat M\u00fcnster und den M\u00fcnsteraner Hochschulen\",\"breadcrumb\":{\"@id\":\"https:\/\/rvm1882.de\/index.php\/rudern\/kooperationen\/#breadcrumb\"},\"inLanguage\":\"de\",\"potentialAction\":[{\"@type\":\"ReadAction\",\"target\":[\"https:\/\/rvm1882.de\/index.php\/rudern\/kooperationen\/\"]}]},{\"@type\":\"ImageObject\",\"inLanguage\":\"de\",\"@id\":\"https:\/\/rvm1882.de\/index.php\/rudern\/kooperationen\/#primaryimage\",\"url\":\"https:\/\/rvm1882.de\/wp-content\/uploads\/2021\/01\/DSC_8128_web.jpg\",\"contentUrl\":\"https:\/\/rvm1882.de\/wp-content\/uploads\/2021\/01\/DSC_8128_web.jpg\",\"width\":1980,\"height\":1320},{\"@type\":\"BreadcrumbList\",\"@id\":\"https:\/\/rvm1882.de\/index.php\/rudern\/kooperationen\/#breadcrumb\",\"itemListElement\":[{\"@type\":\"ListItem\",\"position\":1,\"name\":\"Home\",\"item\":\"https:\/\/rvm1882.de\/\"},{\"@type\":\"ListItem\",\"position\":2,\"name\":\"Rudern in M\u00fcnster\",\"item\":\"https:\/\/rvm1882.de\/index.php\/rudern\/\"},{\"@type\":\"ListItem\",\"position\":3,\"name\":\"Kooperationen\"}]},{\"@type\":\"WebSite\",\"@id\":\"https:\/\/rvm1882.de\/#website\",\"url\":\"https:\/\/rvm1882.de\/\",\"name\":\"Ruderverein M\u00fcnster von 1882 e. V.\",\"description\":\"\",\"publisher\":{\"@id\":\"https:\/\/rvm1882.de\/#organization\"},\"potentialAction\":[{\"@type\":\"SearchAction\",\"target\":{\"@type\":\"EntryPoint\",\"urlTemplate\":\"https:\/\/rvm1882.de\/?s={search_term_string}\"},\"query-input\":\"required name=search_term_string\"}],\"inLanguage\":\"de\"},{\"@type\":\"Organization\",\"@id\":\"https:\/\/rvm1882.de\/#organization\",\"name\":\"Ruderverein M\u00fcnster von 1882 e. V.\",\"url\":\"https:\/\/rvm1882.de\/\",\"logo\":{\"@type\":\"ImageObject\",\"inLanguage\":\"de\",\"@id\":\"https:\/\/rvm1882.de\/#\/schema\/logo\/image\/\",\"url\":\"https:\/\/rvm1882.de\/wp-content\/uploads\/2021\/03\/RVM_1882_Logo-1-e1680243356993.png\",\"contentUrl\":\"https:\/\/rvm1882.de\/wp-content\/uploads\/2021\/03\/RVM_1882_Logo-1-e1680243356993.png\",\"width\":500,\"height\":379,\"caption\":\"Ruderverein M\u00fcnster von 1882 e. V.\"},\"image\":{\"@id\":\"https:\/\/rvm1882.de\/#\/schema\/logo\/image\/\"}}]}<\/script>\n<!-- \/ Yoast SEO plugin. -->","yoast_head_json":{"title":"Kooperationen - Ruderverein M\u00fcnster von 1882 e. V.","description":"Kooperationen des Ruderverein M\u00fcnster 1882 e.V. mit dem Sportinternat M\u00fcnster und den M\u00fcnsteraner Hochschulen","robots":{"index":"index","follow":"follow","max-snippet":"max-snippet:-1","max-image-preview":"max-image-preview:large","max-video-preview":"max-video-preview:-1"},"canonical":"https:\/\/rvm1882.de\/index.php\/rudern\/kooperationen\/","og_locale":"de_DE","og_type":"article","og_title":"Kooperationen - Ruderverein M\u00fcnster von 1882 e. V.","og_description":"Kooperationen des Ruderverein M\u00fcnster 1882 e.V. mit dem Sportinternat M\u00fcnster und den M\u00fcnsteraner Hochschulen","og_url":"https:\/\/rvm1882.de\/index.php\/rudern\/kooperationen\/","og_site_name":"Ruderverein M\u00fcnster von 1882 e. V.","article_modified_time":"2021-03-18T10:05:20+00:00","og_image":[{"width":1980,"height":1320,"url":"https:\/\/rvm1882.de\/wp-content\/uploads\/2021\/01\/DSC_8128_web.jpg","type":"image\/jpeg"}],"twitter_card":"summary_large_image","twitter_misc":{"Gesch\u00e4tzte Lesezeit":"2\u00a0Minuten"},"schema":{"@context":"https:\/\/schema.org","@graph":[{"@type":"WebPage","@id":"https:\/\/rvm1882.de\/index.php\/rudern\/kooperationen\/","url":"https:\/\/rvm1882.de\/index.php\/rudern\/kooperationen\/","name":"Kooperationen - Ruderverein M\u00fcnster von 1882 e. V.","isPartOf":{"@id":"https:\/\/rvm1882.de\/#website"},"primaryImageOfPage":{"@id":"https:\/\/rvm1882.de\/index.php\/rudern\/kooperationen\/#primaryimage"},"image":{"@id":"https:\/\/rvm1882.de\/index.php\/rudern\/kooperationen\/#primaryimage"},"thumbnailUrl":"https:\/\/rvm1882.de\/wp-content\/uploads\/2021\/01\/DSC_8128_web.jpg","datePublished":"2021-03-11T13:09:01+00:00","dateModified":"2021-03-18T10:05:20+00:00","description":"Kooperationen des Ruderverein M\u00fcnster 1882 e.V. mit dem Sportinternat M\u00fcnster und den M\u00fcnsteraner Hochschulen","breadcrumb":{"@id":"https:\/\/rvm1882.de\/index.php\/rudern\/kooperationen\/#breadcrumb"},"inLanguage":"de","potentialAction":[{"@type":"ReadAction","target":["https:\/\/rvm1882.de\/index.php\/rudern\/kooperationen\/"]}]},{"@type":"ImageObject","inLanguage":"de","@id":"https:\/\/rvm1882.de\/index.php\/rudern\/kooperationen\/#primaryimage","url":"https:\/\/rvm1882.de\/wp-content\/uploads\/2021\/01\/DSC_8128_web.jpg","contentUrl":"https:\/\/rvm1882.de\/wp-content\/uploads\/2021\/01\/DSC_8128_web.jpg","width":1980,"height":1320},{"@type":"BreadcrumbList","@id":"https:\/\/rvm1882.de\/index.php\/rudern\/kooperationen\/#breadcrumb","itemListElement":[{"@type":"ListItem","position":1,"name":"Home","item":"https:\/\/rvm1882.de\/"},{"@type":"ListItem","position":2,"name":"Rudern in M\u00fcnster","item":"https:\/\/rvm1882.de\/index.php\/rudern\/"},{"@type":"ListItem","position":3,"name":"Kooperationen"}]},{"@type":"WebSite","@id":"https:\/\/rvm1882.de\/#website","url":"https:\/\/rvm1882.de\/","name":"Ruderverein M\u00fcnster von 1882 e. V.","description":"","publisher":{"@id":"https:\/\/rvm1882.de\/#organization"},"potentialAction":[{"@type":"SearchAction","target":{"@type":"EntryPoint","urlTemplate":"https:\/\/rvm1882.de\/?s={search_term_string}"},"query-input":"required name=search_term_string"}],"inLanguage":"de"},{"@type":"Organization","@id":"https:\/\/rvm1882.de\/#organization","name":"Ruderverein M\u00fcnster von 1882 e. V.","url":"https:\/\/rvm1882.de\/","logo":{"@type":"ImageObject","inLanguage":"de","@id":"https:\/\/rvm1882.de\/#\/schema\/logo\/image\/","url":"https:\/\/rvm1882.de\/wp-content\/uploads\/2021\/03\/RVM_1882_Logo-1-e1680243356993.png","contentUrl":"https:\/\/rvm1882.de\/wp-content\/uploads\/2021\/03\/RVM_1882_Logo-1-e1680243356993.png","width":500,"height":379,"caption":"Ruderverein M\u00fcnster von 1882 e. V."},"image":{"@id":"https:\/\/rvm1882.de\/#\/schema\/logo\/image\/"}}]}},"_links":{"self":[{"href":"https:\/\/rvm1882.de\/index.php\/wp-json\/wp\/v2\/pages\/1540"}],"collection":[{"href":"https:\/\/rvm1882.de\/index.php\/wp-json\/wp\/v2\/pages"}],"about":[{"href":"https:\/\/rvm1882.de\/index.php\/wp-json\/wp\/v2\/types\/page"}],"author":[{"embeddable":true,"href":"https:\/\/rvm1882.de\/index.php\/wp-json\/wp\/v2\/users\/2"}],"replies":[{"embeddable":true,"href":"https:\/\/rvm1882.de\/index.php\/wp-json\/wp\/v2\/comments?post=1540"}],"version-history":[{"count":2,"href":"https:\/\/rvm1882.de\/index.php\/wp-json\/wp\/v2\/pages\/1540\/revisions"}],"predecessor-version":[{"id":1606,"href":"https:\/\/rvm1882.de\/index.php\/wp-json\/wp\/v2\/pages\/1540\/revisions\/1606"}],"up":[{"embeddable":true,"href":"https:\/\/rvm1882.de\/index.php\/wp-json\/wp\/v2\/pages\/748"}],"wp:featuredmedia":[{"embeddable":true,"href":"https:\/\/rvm1882.de\/index.php\/wp-json\/wp\/v2\/media\/971"}],"wp:attachment":[{"href":"https:\/\/rvm1882.de\/index.php\/wp-json\/wp\/v2\/media?parent=1540"}],"curies":[{"name":"wp","href":"https:\/\/api.w.org\/{rel}","templated":true}]}}