{"id":719,"date":"2020-11-25T11:42:39","date_gmt":"2020-11-25T10:42:39","guid":{"rendered":"https:\/\/rvm1882.wp-hosting.dnl-computer.de\/?page_id=719"},"modified":"2024-04-19T08:58:48","modified_gmt":"2024-04-19T06:58:48","slug":"trainer","status":"publish","type":"page","link":"https:\/\/rvm1882.de\/index.php\/der_verein\/trainer\/","title":{"rendered":"Trainer"},"content":{"rendered":"\n<div class=\"wp-block-group alignfull\"><div class=\"wp-block-group__inner-container is-layout-flow wp-block-group-is-layout-flow\">\n<h2 class=\"has-text-align-center wp-block-heading\">Trainer Leistungsrudern<\/h2>\n\n\n\n<div class=\"wp-block-columns alignwide tw-justify-center has-text-align-center tw-gutter-large is-layout-flex wp-container-core-columns-is-layout-1 wp-block-columns-is-layout-flex\">\n<div class=\"wp-block-column is-layout-flow wp-block-column-is-layout-flow\"><div class=\"wp-block-image is-style-rounded\">\n<figure class=\"aligncenter size-large\"><img loading=\"lazy\" decoding=\"async\" width=\"790\" height=\"790\" src=\"https:\/\/rvm1882.de\/wp-content\/uploads\/2021\/03\/Thorsten_Kortmann-1.jpg\" alt=\"\" class=\"wp-image-1491\" srcset=\"https:\/\/rvm1882.de\/wp-content\/uploads\/2021\/03\/Thorsten_Kortmann-1.jpg 790w, https:\/\/rvm1882.de\/wp-content\/uploads\/2021\/03\/Thorsten_Kortmann-1-300x300.jpg 300w, https:\/\/rvm1882.de\/wp-content\/uploads\/2021\/03\/Thorsten_Kortmann-1-150x150.jpg 150w, https:\/\/rvm1882.de\/wp-content\/uploads\/2021\/03\/Thorsten_Kortmann-1-768x768.jpg 768w\" sizes=\"(max-width: 790px) 100vw, 790px\" \/><\/figure><\/div>\n\n\n<h3 class=\"tw-mb-1 has-h-5-font-size wp-block-heading\">Thorsten Kortmann<\/h3>\n\n\n\n<p class=\"has-small-font-size\"><strong>Leitender Trainer<\/strong><\/p>\n\n\n\n<p><a href=\"mailto:kortmann@rvm1882.de\" target=\"_blank\" rel=\"noreferrer noopener\">kortmann@rvm1882.de<\/a><\/p>\n<\/div>\n\n\n\n<div class=\"wp-block-column is-layout-flow wp-block-column-is-layout-flow\"><div class=\"wp-block-image is-style-rounded\">\n<figure class=\"aligncenter size-large\"><img loading=\"lazy\" decoding=\"async\" width=\"846\" height=\"846\" src=\"https:\/\/rvm1882.de\/wp-content\/uploads\/2021\/03\/Benedikt_Goeller.jpg\" alt=\"\" class=\"wp-image-1484\" srcset=\"https:\/\/rvm1882.de\/wp-content\/uploads\/2021\/03\/Benedikt_Goeller.jpg 846w, https:\/\/rvm1882.de\/wp-content\/uploads\/2021\/03\/Benedikt_Goeller-300x300.jpg 300w, https:\/\/rvm1882.de\/wp-content\/uploads\/2021\/03\/Benedikt_Goeller-150x150.jpg 150w, https:\/\/rvm1882.de\/wp-content\/uploads\/2021\/03\/Benedikt_Goeller-768x768.jpg 768w\" sizes=\"(max-width: 846px) 100vw, 846px\" \/><\/figure><\/div>\n\n\n<h3 class=\"tw-mb-1 has-h-5-font-size wp-block-heading\">Benedikt G\u00f6ller<\/h3>\n\n\n\n<p class=\"has-small-font-size\"><strong>Nachwuchskoordinator<\/strong> U17 \/ U19<\/p>\n\n\n\n<p><a href=\"mailto:goeller@rvm1882.de\" target=\"_blank\" rel=\"noreferrer noopener\">goeller@rvm1882.de<\/a><\/p>\n<\/div>\n\n\n\n<div class=\"wp-block-column is-layout-flow wp-block-column-is-layout-flow\"><div class=\"wp-block-image is-style-rounded\">\n<figure class=\"aligncenter size-large\"><img loading=\"lazy\" decoding=\"async\" width=\"1024\" height=\"1024\" src=\"https:\/\/rvm1882.de\/wp-content\/uploads\/2024\/04\/Portrait_placeholder-1-1024x1024.png\" alt=\"\" class=\"wp-image-2119\" srcset=\"https:\/\/rvm1882.de\/wp-content\/uploads\/2024\/04\/Portrait_placeholder-1.png 1024w, https:\/\/rvm1882.de\/wp-content\/uploads\/2024\/04\/Portrait_placeholder-1-300x300.png 300w, https:\/\/rvm1882.de\/wp-content\/uploads\/2024\/04\/Portrait_placeholder-1-150x150.png 150w, https:\/\/rvm1882.de\/wp-content\/uploads\/2024\/04\/Portrait_placeholder-1-768x768.png 768w\" sizes=\"(max-width: 1024px) 100vw, 1024px\" \/><\/figure><\/div>\n\n\n<h3 class=\"tw-mb-1 has-h-5-font-size wp-block-heading\">Jona Schubert<\/h3>\n\n\n\n<p class=\"has-small-font-size\"><strong>Trainer U 17<\/strong><\/p>\n\n\n\n<p><\/p>\n<\/div>\n\n\n\n<div class=\"wp-block-column is-layout-flow wp-block-column-is-layout-flow\"><div class=\"wp-block-image is-style-rounded\">\n<figure class=\"aligncenter size-large\"><img loading=\"lazy\" decoding=\"async\" width=\"496\" height=\"496\" src=\"https:\/\/rvm1882.de\/wp-content\/uploads\/2021\/03\/Laurin_Kipp.jpg\" alt=\"\" class=\"wp-image-1488\" srcset=\"https:\/\/rvm1882.de\/wp-content\/uploads\/2021\/03\/Laurin_Kipp.jpg 496w, https:\/\/rvm1882.de\/wp-content\/uploads\/2021\/03\/Laurin_Kipp-300x300.jpg 300w, https:\/\/rvm1882.de\/wp-content\/uploads\/2021\/03\/Laurin_Kipp-150x150.jpg 150w\" sizes=\"(max-width: 496px) 100vw, 496px\" \/><\/figure><\/div>\n\n\n<h3 class=\"tw-mb-1 has-h-5-font-size wp-block-heading\">Laurin Kipp<\/h3>\n\n\n\n<p class=\"has-small-font-size\"><strong>Trainer U 17<\/strong><\/p>\n\n\n\n<p class=\"has-accent-color has-text-color\"><a href=\"mailto:l.kipp@rvm1882.de\">l.kipp@rvm1882.de<\/a><\/p>\n\n\n\n<ul class=\"wp-block-social-links aligncenter tw-mt-3 is-style-logos-only tw-size-small tw-hover-opacity tw-color-light is-layout-flex wp-block-social-links-is-layout-flex\"><\/ul>\n<\/div>\n<\/div>\n<\/div><\/div>\n\n\n\n<p><\/p>\n\n\n\n<p><\/p>\n\n\n\n<div class=\"wp-block-group alignfull has-primary-background-color has-background\"><div class=\"wp-block-group__inner-container is-layout-flow wp-block-group-is-layout-flow\">\n<h2 class=\"alignwide has-text-align-center wp-block-heading\">Trainer Breitensport \/ Pararudern<\/h2>\n\n\n\n<div class=\"wp-block-columns alignwide tw-justify-center has-text-align-center tw-gutter-large is-layout-flex wp-container-core-columns-is-layout-2 wp-block-columns-is-layout-flex\">\n<div class=\"wp-block-column is-layout-flow wp-block-column-is-layout-flow\">\n<ul class=\"wp-block-social-links aligncenter tw-mt-3 is-style-logos-only tw-size-small tw-hover-opacity tw-color-light is-layout-flex wp-block-social-links-is-layout-flex\"><\/ul>\n<\/div>\n\n\n\n<div class=\"wp-block-column is-layout-flow wp-block-column-is-layout-flow\"><div class=\"wp-block-image is-style-rounded\">\n<figure class=\"aligncenter size-large is-resized\"><img loading=\"lazy\" decoding=\"async\" src=\"https:\/\/rvm1882.de\/wp-content\/uploads\/2022\/03\/DSC_3497-1024x1024.jpg\" alt=\"\" class=\"wp-image-1802\" width=\"273\" height=\"273\" srcset=\"https:\/\/rvm1882.de\/wp-content\/uploads\/2022\/03\/DSC_3497-1024x1024.jpg 1024w, https:\/\/rvm1882.de\/wp-content\/uploads\/2022\/03\/DSC_3497-300x300.jpg 300w, https:\/\/rvm1882.de\/wp-content\/uploads\/2022\/03\/DSC_3497-150x150.jpg 150w, https:\/\/rvm1882.de\/wp-content\/uploads\/2022\/03\/DSC_3497-768x768.jpg 768w, https:\/\/rvm1882.de\/wp-content\/uploads\/2022\/03\/DSC_3497-1536x1536.jpg 1536w, https:\/\/rvm1882.de\/wp-content\/uploads\/2022\/03\/DSC_3497-1200x1200.jpg 1200w, https:\/\/rvm1882.de\/wp-content\/uploads\/2022\/03\/DSC_3497.jpg 1561w\" sizes=\"(max-width: 273px) 100vw, 273px\" \/><\/figure><\/div>\n\n\n<h3 class=\"tw-mb-1 has-h-5-font-size wp-block-heading\">Sebastian Fuchs<\/h3>\n<\/div>\n\n\n\n<div class=\"wp-block-column is-layout-flow wp-block-column-is-layout-flow\"><\/div>\n<\/div>\n\n\n\n<p class=\"has-text-align-center has-small-font-size\"><strong>Leiter Abteilung Breiten- und Freizeitsport<\/strong><\/p>\n\n\n\n<p class=\"has-text-align-center has-accent-color has-text-color\"><a href=\"mailto:s.fuchs@rvm1882.de\" target=\"_blank\" rel=\"noreferrer noopener\">s.fuchs@rvm1882.de<\/a><\/p>\n<\/div><\/div>\n\n\n\n<div class=\"wp-block-group alignfull\"><div class=\"wp-block-group__inner-container is-layout-flow wp-block-group-is-layout-flow\">\n<div class=\"wp-block-group alignfull\"><div class=\"wp-block-group__inner-container is-layout-flow wp-block-group-is-layout-flow\">\n<h2 class=\"has-text-align-center wp-block-heading\">Trainer Nachwuchs<\/h2>\n\n\n\n<div class=\"wp-block-columns alignwide tw-justify-center has-text-align-center tw-gutter-large is-layout-flex wp-container-core-columns-is-layout-3 wp-block-columns-is-layout-flex\">\n<div class=\"wp-block-column is-layout-flow wp-block-column-is-layout-flow\"><div class=\"wp-block-image is-style-rounded\">\n<figure class=\"aligncenter size-large\"><img loading=\"lazy\" decoding=\"async\" width=\"1024\" height=\"1024\" src=\"https:\/\/rvm1882.de\/wp-content\/uploads\/2024\/04\/Portrait_placeholder-1-1024x1024.png\" alt=\"\" class=\"wp-image-2119\" srcset=\"https:\/\/rvm1882.de\/wp-content\/uploads\/2024\/04\/Portrait_placeholder-1.png 1024w, https:\/\/rvm1882.de\/wp-content\/uploads\/2024\/04\/Portrait_placeholder-1-300x300.png 300w, https:\/\/rvm1882.de\/wp-content\/uploads\/2024\/04\/Portrait_placeholder-1-150x150.png 150w, https:\/\/rvm1882.de\/wp-content\/uploads\/2024\/04\/Portrait_placeholder-1-768x768.png 768w\" sizes=\"(max-width: 1024px) 100vw, 1024px\" \/><\/figure><\/div>\n\n\n<h3 class=\"tw-mb-1 has-h-5-font-size wp-block-heading\">Celina Waldschmidt<\/h3>\n\n\n\n<p class=\"has-small-font-size\"><strong>U-15<\/strong><\/p>\n\n\n\n<p><a href=\"mailto:waldschmidt@rvm1882.de\" target=\"_blank\" rel=\"noreferrer noopener\">waldschmidt@rvm1882.de<\/a><\/p>\n\n\n\n<ul class=\"wp-block-social-links aligncenter tw-mt-3 is-style-logos-only tw-size-small tw-hover-opacity tw-color-light is-layout-flex wp-block-social-links-is-layout-flex\"><\/ul>\n<\/div>\n\n\n\n<div class=\"wp-block-column is-layout-flow wp-block-column-is-layout-flow\"><div class=\"wp-block-image is-style-rounded\">\n<figure class=\"aligncenter size-medium is-resized\"><img loading=\"lazy\" decoding=\"async\" src=\"https:\/\/rvm1882.de\/wp-content\/uploads\/2023\/09\/RVM-226x300.jpg\" alt=\"\" class=\"wp-image-2094\" width=\"226\" height=\"300\" srcset=\"https:\/\/rvm1882.de\/wp-content\/uploads\/2023\/09\/RVM-226x300.jpg 226w, https:\/\/rvm1882.de\/wp-content\/uploads\/2023\/09\/RVM-771x1024.jpg 771w, https:\/\/rvm1882.de\/wp-content\/uploads\/2023\/09\/RVM-768x1020.jpg 768w, https:\/\/rvm1882.de\/wp-content\/uploads\/2023\/09\/RVM-1157x1536.jpg 1157w, https:\/\/rvm1882.de\/wp-content\/uploads\/2023\/09\/RVM-1200x1593.jpg 1200w, https:\/\/rvm1882.de\/wp-content\/uploads\/2023\/09\/RVM.jpg 1205w\" sizes=\"(max-width: 226px) 100vw, 226px\" \/><\/figure><\/div>\n\n\n<h3 class=\"tw-mb-1 has-h-5-font-size wp-block-heading\">Sara Grauer<\/h3>\n\n\n\n<p class=\"has-small-font-size\"><strong>Bundesfreiwilligendienst<\/strong><\/p>\n\n\n\n<p><\/p>\n\n\n\n<ul class=\"wp-block-social-links aligncenter tw-mt-3 is-style-logos-only tw-size-small tw-hover-opacity tw-color-light is-layout-flex wp-block-social-links-is-layout-flex\"><\/ul>\n<\/div>\n\n\n\n<div class=\"wp-block-column is-layout-flow wp-block-column-is-layout-flow\"><div class=\"wp-block-image is-style-rounded\">\n<figure class=\"aligncenter size-medium\"><img loading=\"lazy\" decoding=\"async\" width=\"226\" height=\"300\" src=\"https:\/\/rvm1882.de\/wp-content\/uploads\/2023\/09\/RVM-226x300.jpg\" alt=\"\" class=\"wp-image-2094\" srcset=\"https:\/\/rvm1882.de\/wp-content\/uploads\/2023\/09\/RVM-226x300.jpg 226w, https:\/\/rvm1882.de\/wp-content\/uploads\/2023\/09\/RVM-771x1024.jpg 771w, https:\/\/rvm1882.de\/wp-content\/uploads\/2023\/09\/RVM-768x1020.jpg 768w, https:\/\/rvm1882.de\/wp-content\/uploads\/2023\/09\/RVM-1157x1536.jpg 1157w, https:\/\/rvm1882.de\/wp-content\/uploads\/2023\/09\/RVM-1200x1593.jpg 1200w, https:\/\/rvm1882.de\/wp-content\/uploads\/2023\/09\/RVM.jpg 1205w\" sizes=\"(max-width: 226px) 100vw, 226px\" \/><\/figure><\/div>\n\n\n<h3 class=\"tw-mb-1 has-h-5-font-size wp-block-heading\">Dennis<\/h3>\n\n\n\n<p class=\"has-small-font-size\"><strong>Bundesfreiwilligendienst<\/strong><\/p>\n\n\n\n<p><\/p>\n\n\n\n<ul class=\"wp-block-social-links aligncenter tw-mt-3 is-style-logos-only tw-size-small tw-hover-opacity tw-color-light is-layout-flex wp-block-social-links-is-layout-flex\"><\/ul>\n<\/div>\n<\/div>\n<\/div><\/div>\n<\/div><\/div>\n","protected":false},"excerpt":{"rendered":"<p>Trainer Leistungsrudern Thorsten Kortmann Leitender Trainer kortmann@rvm1882.de Benedikt G\u00f6ller Nachwuchskoordinator U17 \/ U19 goeller@rvm1882.de Jona Schubert Trainer U 17 Laurin Kipp Trainer U 17 l.kipp@rvm1882.de Trainer Breitensport \/ Pararudern Sebastian&hellip;<\/p>\n","protected":false},"author":299,"featured_media":0,"parent":8,"menu_order":0,"comment_status":"closed","ping_status":"closed","template":"","meta":{"_monsterinsights_skip_tracking":false,"_monsterinsights_sitenote_active":false,"_monsterinsights_sitenote_note":"","_monsterinsights_sitenote_category":0,"footnotes":""},"aioseo_notices":[],"yoast_head":"<!-- This site is optimized with the Yoast SEO plugin v22.6 - https:\/\/yoast.com\/wordpress\/plugins\/seo\/ -->\n<title>Trainer - Ruderverein M\u00fcnster von 1882 e. V.<\/title>\n<meta name=\"description\" content=\"Wir f\u00f6rdern Talente in M\u00fcnster! Unsere Trainer f\u00fcr Wettkampf- und Leistungsruderer, Freizeitruderer und Anf\u00e4nger.\" \/>\n<meta name=\"robots\" content=\"index, follow, max-snippet:-1, max-image-preview:large, max-video-preview:-1\" \/>\n<link rel=\"canonical\" href=\"https:\/\/rvm1882.de\/index.php\/der_verein\/trainer\/\" \/>\n<meta property=\"og:locale\" content=\"de_DE\" \/>\n<meta property=\"og:type\" content=\"article\" \/>\n<meta property=\"og:title\" content=\"Trainer - Ruderverein M\u00fcnster von 1882 e. V.\" \/>\n<meta property=\"og:description\" content=\"Wir f\u00f6rdern Talente in M\u00fcnster! Unsere Trainer f\u00fcr Wettkampf- und Leistungsruderer, Freizeitruderer und Anf\u00e4nger.\" \/>\n<meta property=\"og:url\" content=\"https:\/\/rvm1882.de\/index.php\/der_verein\/trainer\/\" \/>\n<meta property=\"og:site_name\" content=\"Ruderverein M\u00fcnster von 1882 e. V.\" \/>\n<meta property=\"article:modified_time\" content=\"2024-04-19T06:58:48+00:00\" \/>\n<meta property=\"og:image\" content=\"https:\/\/rvm1882.de\/wp-content\/uploads\/2021\/03\/Thorsten_Kortmann-1.jpg\" \/>\n<meta name=\"twitter:card\" content=\"summary_large_image\" \/>\n<meta name=\"twitter:label1\" content=\"Gesch\u00e4tzte Lesezeit\" \/>\n\t<meta name=\"twitter:data1\" content=\"2\u00a0Minuten\" \/>\n<script type=\"application\/ld+json\" class=\"yoast-schema-graph\">{\"@context\":\"https:\/\/schema.org\",\"@graph\":[{\"@type\":\"WebPage\",\"@id\":\"https:\/\/rvm1882.de\/index.php\/der_verein\/trainer\/\",\"url\":\"https:\/\/rvm1882.de\/index.php\/der_verein\/trainer\/\",\"name\":\"Trainer - Ruderverein M\u00fcnster von 1882 e. V.\",\"isPartOf\":{\"@id\":\"https:\/\/rvm1882.de\/#website\"},\"primaryImageOfPage\":{\"@id\":\"https:\/\/rvm1882.de\/index.php\/der_verein\/trainer\/#primaryimage\"},\"image\":{\"@id\":\"https:\/\/rvm1882.de\/index.php\/der_verein\/trainer\/#primaryimage\"},\"thumbnailUrl\":\"https:\/\/rvm1882.de\/wp-content\/uploads\/2021\/03\/Thorsten_Kortmann-1.jpg\",\"datePublished\":\"2020-11-25T10:42:39+00:00\",\"dateModified\":\"2024-04-19T06:58:48+00:00\",\"description\":\"Wir f\u00f6rdern Talente in M\u00fcnster! Unsere Trainer f\u00fcr Wettkampf- und Leistungsruderer, Freizeitruderer und Anf\u00e4nger.\",\"breadcrumb\":{\"@id\":\"https:\/\/rvm1882.de\/index.php\/der_verein\/trainer\/#breadcrumb\"},\"inLanguage\":\"de\",\"potentialAction\":[{\"@type\":\"ReadAction\",\"target\":[\"https:\/\/rvm1882.de\/index.php\/der_verein\/trainer\/\"]}]},{\"@type\":\"ImageObject\",\"inLanguage\":\"de\",\"@id\":\"https:\/\/rvm1882.de\/index.php\/der_verein\/trainer\/#primaryimage\",\"url\":\"https:\/\/rvm1882.de\/wp-content\/uploads\/2021\/03\/Thorsten_Kortmann-1.jpg\",\"contentUrl\":\"https:\/\/rvm1882.de\/wp-content\/uploads\/2021\/03\/Thorsten_Kortmann-1.jpg\",\"width\":790,\"height\":790},{\"@type\":\"BreadcrumbList\",\"@id\":\"https:\/\/rvm1882.de\/index.php\/der_verein\/trainer\/#breadcrumb\",\"itemListElement\":[{\"@type\":\"ListItem\",\"position\":1,\"name\":\"Home\",\"item\":\"https:\/\/rvm1882.de\/\"},{\"@type\":\"ListItem\",\"position\":2,\"name\":\"Der Verein\",\"item\":\"https:\/\/rvm1882.de\/index.php\/der_verein\/\"},{\"@type\":\"ListItem\",\"position\":3,\"name\":\"Trainer\"}]},{\"@type\":\"WebSite\",\"@id\":\"https:\/\/rvm1882.de\/#website\",\"url\":\"https:\/\/rvm1882.de\/\",\"name\":\"Ruderverein M\u00fcnster von 1882 e. V.\",\"description\":\"\",\"publisher\":{\"@id\":\"https:\/\/rvm1882.de\/#organization\"},\"potentialAction\":[{\"@type\":\"SearchAction\",\"target\":{\"@type\":\"EntryPoint\",\"urlTemplate\":\"https:\/\/rvm1882.de\/?s={search_term_string}\"},\"query-input\":\"required name=search_term_string\"}],\"inLanguage\":\"de\"},{\"@type\":\"Organization\",\"@id\":\"https:\/\/rvm1882.de\/#organization\",\"name\":\"Ruderverein M\u00fcnster von 1882 e. V.\",\"url\":\"https:\/\/rvm1882.de\/\",\"logo\":{\"@type\":\"ImageObject\",\"inLanguage\":\"de\",\"@id\":\"https:\/\/rvm1882.de\/#\/schema\/logo\/image\/\",\"url\":\"https:\/\/rvm1882.de\/wp-content\/uploads\/2021\/03\/RVM_1882_Logo-1-e1680243356993.png\",\"contentUrl\":\"https:\/\/rvm1882.de\/wp-content\/uploads\/2021\/03\/RVM_1882_Logo-1-e1680243356993.png\",\"width\":500,\"height\":379,\"caption\":\"Ruderverein M\u00fcnster von 1882 e. V.\"},\"image\":{\"@id\":\"https:\/\/rvm1882.de\/#\/schema\/logo\/image\/\"}}]}<\/script>\n<!-- \/ Yoast SEO plugin. -->","yoast_head_json":{"title":"Trainer - Ruderverein M\u00fcnster von 1882 e. V.","description":"Wir f\u00f6rdern Talente in M\u00fcnster! Unsere Trainer f\u00fcr Wettkampf- und Leistungsruderer, Freizeitruderer und Anf\u00e4nger.","robots":{"index":"index","follow":"follow","max-snippet":"max-snippet:-1","max-image-preview":"max-image-preview:large","max-video-preview":"max-video-preview:-1"},"canonical":"https:\/\/rvm1882.de\/index.php\/der_verein\/trainer\/","og_locale":"de_DE","og_type":"article","og_title":"Trainer - Ruderverein M\u00fcnster von 1882 e. V.","og_description":"Wir f\u00f6rdern Talente in M\u00fcnster! Unsere Trainer f\u00fcr Wettkampf- und Leistungsruderer, Freizeitruderer und Anf\u00e4nger.","og_url":"https:\/\/rvm1882.de\/index.php\/der_verein\/trainer\/","og_site_name":"Ruderverein M\u00fcnster von 1882 e. V.","article_modified_time":"2024-04-19T06:58:48+00:00","og_image":[{"url":"https:\/\/rvm1882.de\/wp-content\/uploads\/2021\/03\/Thorsten_Kortmann-1.jpg"}],"twitter_card":"summary_large_image","twitter_misc":{"Gesch\u00e4tzte Lesezeit":"2\u00a0Minuten"},"schema":{"@context":"https:\/\/schema.org","@graph":[{"@type":"WebPage","@id":"https:\/\/rvm1882.de\/index.php\/der_verein\/trainer\/","url":"https:\/\/rvm1882.de\/index.php\/der_verein\/trainer\/","name":"Trainer - Ruderverein M\u00fcnster von 1882 e. V.","isPartOf":{"@id":"https:\/\/rvm1882.de\/#website"},"primaryImageOfPage":{"@id":"https:\/\/rvm1882.de\/index.php\/der_verein\/trainer\/#primaryimage"},"image":{"@id":"https:\/\/rvm1882.de\/index.php\/der_verein\/trainer\/#primaryimage"},"thumbnailUrl":"https:\/\/rvm1882.de\/wp-content\/uploads\/2021\/03\/Thorsten_Kortmann-1.jpg","datePublished":"2020-11-25T10:42:39+00:00","dateModified":"2024-04-19T06:58:48+00:00","description":"Wir f\u00f6rdern Talente in M\u00fcnster! Unsere Trainer f\u00fcr Wettkampf- und Leistungsruderer, Freizeitruderer und Anf\u00e4nger.","breadcrumb":{"@id":"https:\/\/rvm1882.de\/index.php\/der_verein\/trainer\/#breadcrumb"},"inLanguage":"de","potentialAction":[{"@type":"ReadAction","target":["https:\/\/rvm1882.de\/index.php\/der_verein\/trainer\/"]}]},{"@type":"ImageObject","inLanguage":"de","@id":"https:\/\/rvm1882.de\/index.php\/der_verein\/trainer\/#primaryimage","url":"https:\/\/rvm1882.de\/wp-content\/uploads\/2021\/03\/Thorsten_Kortmann-1.jpg","contentUrl":"https:\/\/rvm1882.de\/wp-content\/uploads\/2021\/03\/Thorsten_Kortmann-1.jpg","width":790,"height":790},{"@type":"BreadcrumbList","@id":"https:\/\/rvm1882.de\/index.php\/der_verein\/trainer\/#breadcrumb","itemListElement":[{"@type":"ListItem","position":1,"name":"Home","item":"https:\/\/rvm1882.de\/"},{"@type":"ListItem","position":2,"name":"Der Verein","item":"https:\/\/rvm1882.de\/index.php\/der_verein\/"},{"@type":"ListItem","position":3,"name":"Trainer"}]},{"@type":"WebSite","@id":"https:\/\/rvm1882.de\/#website","url":"https:\/\/rvm1882.de\/","name":"Ruderverein M\u00fcnster von 1882 e. V.","description":"","publisher":{"@id":"https:\/\/rvm1882.de\/#organization"},"potentialAction":[{"@type":"SearchAction","target":{"@type":"EntryPoint","urlTemplate":"https:\/\/rvm1882.de\/?s={search_term_string}"},"query-input":"required name=search_term_string"}],"inLanguage":"de"},{"@type":"Organization","@id":"https:\/\/rvm1882.de\/#organization","name":"Ruderverein M\u00fcnster von 1882 e. V.","url":"https:\/\/rvm1882.de\/","logo":{"@type":"ImageObject","inLanguage":"de","@id":"https:\/\/rvm1882.de\/#\/schema\/logo\/image\/","url":"https:\/\/rvm1882.de\/wp-content\/uploads\/2021\/03\/RVM_1882_Logo-1-e1680243356993.png","contentUrl":"https:\/\/rvm1882.de\/wp-content\/uploads\/2021\/03\/RVM_1882_Logo-1-e1680243356993.png","width":500,"height":379,"caption":"Ruderverein M\u00fcnster von 1882 e. V."},"image":{"@id":"https:\/\/rvm1882.de\/#\/schema\/logo\/image\/"}}]}},"_links":{"self":[{"href":"https:\/\/rvm1882.de\/index.php\/wp-json\/wp\/v2\/pages\/719"}],"collection":[{"href":"https:\/\/rvm1882.de\/index.php\/wp-json\/wp\/v2\/pages"}],"about":[{"href":"https:\/\/rvm1882.de\/index.php\/wp-json\/wp\/v2\/types\/page"}],"author":[{"embeddable":true,"href":"https:\/\/rvm1882.de\/index.php\/wp-json\/wp\/v2\/users\/299"}],"replies":[{"embeddable":true,"href":"https:\/\/rvm1882.de\/index.php\/wp-json\/wp\/v2\/comments?post=719"}],"version-history":[{"count":27,"href":"https:\/\/rvm1882.de\/index.php\/wp-json\/wp\/v2\/pages\/719\/revisions"}],"predecessor-version":[{"id":2127,"href":"https:\/\/rvm1882.de\/index.php\/wp-json\/wp\/v2\/pages\/719\/revisions\/2127"}],"up":[{"embeddable":true,"href":"https:\/\/rvm1882.de\/index.php\/wp-json\/wp\/v2\/pages\/8"}],"wp:attachment":[{"href":"https:\/\/rvm1882.de\/index.php\/wp-json\/wp\/v2\/media?parent=719"}],"curies":[{"name":"wp","href":"https:\/\/api.w.org\/{rel}","templated":true}]}}