{"id":726,"date":"2020-11-25T11:58:51","date_gmt":"2020-11-25T10:58:51","guid":{"rendered":"https:\/\/rvm1882.wp-hosting.dnl-computer.de\/?page_id=726"},"modified":"2025-03-06T21:36:13","modified_gmt":"2025-03-06T20:36:13","slug":"downloads","status":"publish","type":"page","link":"https:\/\/rvm1882.de\/index.php\/der_verein\/downloads\/","title":{"rendered":"Downloads"},"content":{"rendered":"\n<h4 class=\"wp-block-heading has-text-align-center\">Antr\u00e4ge, Formulare, Informationen rund um den Verein zum Download<\/h4>\n\n\n\n<div class=\"wp-block-file\"><a id=\"wp-block-file--media-5b30f4df-7720-433a-aebf-f6068db1084d\" href=\"https:\/\/rvm1882.de\/wp-content\/uploads\/2025\/03\/Aufnahmeantrag2025.pdf\">Aufnahmeantrag<\/a><a href=\"https:\/\/rvm1882.de\/wp-content\/uploads\/2025\/03\/Aufnahmeantrag2025.pdf\" class=\"wp-block-file__button wp-element-button\" download aria-describedby=\"wp-block-file--media-5b30f4df-7720-433a-aebf-f6068db1084d\">Herunterladen<\/a><\/div>\n\n\n\n<div class=\"wp-block-file\"><a id=\"wp-block-file--media-1dd53197-b646-4203-9b11-adad707c830e\" href=\"https:\/\/rvm1882.de\/wp-content\/uploads\/2025\/03\/Beitragsordnung2025.pdf\">Beitragsordnung<\/a><a href=\"https:\/\/rvm1882.de\/wp-content\/uploads\/2025\/03\/Beitragsordnung2025.pdf\" class=\"wp-block-file__button wp-element-button\" download aria-describedby=\"wp-block-file--media-1dd53197-b646-4203-9b11-adad707c830e\">Herunterladen<\/a><\/div>\n\n\n\n<div class=\"wp-block-file\"><a id=\"wp-block-file--media-6cf7dba0-6544-4e7d-a588-ecf07700fb10\" href=\"https:\/\/rvm1882.de\/wp-content\/uploads\/2024\/05\/20240105_Ruder_Bootsordnung_.docx\">Ruder- und Bootsordnung vom 01.05.2024<\/a><a href=\"https:\/\/rvm1882.de\/wp-content\/uploads\/2024\/05\/20240105_Ruder_Bootsordnung_.docx\" class=\"wp-block-file__button wp-element-button\" download aria-describedby=\"wp-block-file--media-6cf7dba0-6544-4e7d-a588-ecf07700fb10\">Herunterladen<\/a><\/div>\n\n\n\n<div class=\"wp-block-file\"><a id=\"wp-block-file--media-eb27f5d5-8f6d-4edb-a58c-aaff0cc5eb79\" href=\"https:\/\/rvm1882.de\/wp-content\/uploads\/2020\/11\/laufzettel-wafa-2_pdf-1.pdf\">Laufzettel-Wanderfahrten<\/a><a href=\"https:\/\/rvm1882.de\/wp-content\/uploads\/2020\/11\/laufzettel-wafa-2_pdf-1.pdf\" class=\"wp-block-file__button wp-element-button\" download aria-describedby=\"wp-block-file--media-eb27f5d5-8f6d-4edb-a58c-aaff0cc5eb79\">Herunterladen<\/a><\/div>\n\n\n\n<div class=\"wp-block-file\"><a id=\"wp-block-file--media-90a4e254-c55f-4145-acdc-fe945bbdf9ec\" href=\"https:\/\/rvm1882.de\/wp-content\/uploads\/2020\/11\/satzung_2014.pdf\">Satzung<\/a><a href=\"https:\/\/rvm1882.de\/wp-content\/uploads\/2020\/11\/satzung_2014.pdf\" class=\"wp-block-file__button wp-element-button\" download aria-describedby=\"wp-block-file--media-90a4e254-c55f-4145-acdc-fe945bbdf9ec\">Herunterladen<\/a><\/div>\n\n\n\n<div class=\"wp-block-columns is-layout-flex wp-container-core-columns-is-layout-1 wp-block-columns-is-layout-flex\">\n<div class=\"wp-block-column is-layout-flow wp-block-column-is-layout-flow\" style=\"--col-width:100%;flex-basis:100%\">\n<div class=\"wp-block-file\"><a id=\"wp-block-file--media-c0352166-826e-4032-ac76-8e0be294f77b\" href=\"https:\/\/rvm1882.de\/wp-content\/uploads\/2022\/03\/Broschu\u0308re-Sportinternat-Mu\u0308nster.pdf\" target=\"_blank\" rel=\"noreferrer noopener\">Broschu\u0308re-Sportinternat-Mu\u0308nster<\/a><a href=\"https:\/\/rvm1882.de\/wp-content\/uploads\/2022\/03\/Broschu\u0308re-Sportinternat-Mu\u0308nster.pdf\" class=\"wp-block-file__button wp-element-button\" download aria-describedby=\"wp-block-file--media-c0352166-826e-4032-ac76-8e0be294f77b\">Herunterladen<\/a><\/div>\n<\/div>\n<\/div>\n\n\n\n<p><\/p>\n\n\n\n<div class=\"wp-block-file\"><a id=\"wp-block-file--media-5b3e9336-5ae0-48de-b3ec-fcf80829f0c7\" href=\"https:\/\/rvm1882.de\/wp-content\/uploads\/2024\/07\/20240702_aktualisiertes-Praeventionskonzept-4-2.pdf\">Pr\u00e4ventionsschutzkonzept am RVM 06.07.2024<\/a><a href=\"https:\/\/rvm1882.de\/wp-content\/uploads\/2024\/07\/20240702_aktualisiertes-Praeventionskonzept-4-2.pdf\" class=\"wp-block-file__button wp-element-button\" download aria-describedby=\"wp-block-file--media-5b3e9336-5ae0-48de-b3ec-fcf80829f0c7\">Herunterladen<\/a><\/div>\n\n\n\n<p class=\"has-small-font-size\">Link zum Elternkompass des Landessportbundes: <\/p>\n\n\n\n<p class=\"has-small-font-size\"><a href=\"https:\/\/www.lsb.nrw\/fileadmin\/global\/media\/Downloadcenter\/Sexualisierte_Gewalt\/LSB-Elternkompass.pdf\" target=\"_blank\" rel=\"noreferrer noopener\">https:\/\/www.lsb.nrw\/fileadmin\/global\/media\/Downloadcenter\/Sexualisierte_Gewalt\/LSB-Elternkompass.pdf<\/a><\/p>\n\n\n\n<hr class=\"wp-block-separator has-text-color has-secondary-color has-css-opacity has-secondary-background-color has-background\"\/>\n\n\n\n<div class=\"wp-block-file\"><a id=\"wp-block-file--media-f3868336-cabf-4432-87e7-6306722bae0d\" href=\"https:\/\/rvm1882.de\/wp-content\/uploads\/2020\/11\/RVM_Chronik_1882_2015.pdf\">RVM-Chronik 1882-2015<\/a><a href=\"https:\/\/rvm1882.de\/wp-content\/uploads\/2020\/11\/RVM_Chronik_1882_2015.pdf\" class=\"wp-block-file__button wp-element-button\" download aria-describedby=\"wp-block-file--media-f3868336-cabf-4432-87e7-6306722bae0d\">Herunterladen<\/a><\/div>\n\n\n\n<div class=\"wp-block-file\"><a href=\"https:\/\/rvm1882.de\/wp-content\/uploads\/2020\/11\/12_07_03_ZDF.pdf\">RVM \u2013 Fakten, Erfolge, Sportangebot<\/a><a href=\"https:\/\/rvm1882.de\/wp-content\/uploads\/2020\/11\/12_07_03_ZDF.pdf\" class=\"wp-block-file__button wp-element-button\" download>Herunterladen<\/a><\/div>\n\n\n\n<hr class=\"wp-block-separator has-text-color has-secondary-color has-css-opacity has-secondary-background-color has-background\"\/>\n\n\n\n<div class=\"wp-block-file\"><a id=\"wp-block-file--media-1d6bc133-4738-4139-b1bb-c52ee57b2c9f\" href=\"https:\/\/rvm1882.de\/wp-content\/uploads\/2022\/03\/Bestellung_Vereinsbekleidung-RVM-1882_neu-Kopie.doc\">Bestellung_Vereinsbekleidung RVM 1882<\/a><a href=\"https:\/\/rvm1882.de\/wp-content\/uploads\/2022\/03\/Bestellung_Vereinsbekleidung-RVM-1882_neu-Kopie.doc\" class=\"wp-block-file__button wp-element-button\" download aria-describedby=\"wp-block-file--media-1d6bc133-4738-4139-b1bb-c52ee57b2c9f\">Herunterladen<\/a><\/div>\n","protected":false},"excerpt":{"rendered":"<p>Antr\u00e4ge, Formulare, Informationen rund um den Verein zum Download Link zum Elternkompass des Landessportbundes: https:\/\/www.lsb.nrw\/fileadmin\/global\/media\/Downloadcenter\/Sexualisierte_Gewalt\/LSB-Elternkompass.pdf<\/p>\n","protected":false},"author":2,"featured_media":956,"parent":8,"menu_order":0,"comment_status":"closed","ping_status":"closed","template":"","meta":{"_monsterinsights_skip_tracking":false,"_monsterinsights_sitenote_active":false,"_monsterinsights_sitenote_note":"","_monsterinsights_sitenote_category":0,"footnotes":""},"aioseo_notices":[],"yoast_head":"<!-- This site is optimized with the Yoast SEO plugin v22.6 - https:\/\/yoast.com\/wordpress\/plugins\/seo\/ -->\n<title>Downloads - Ruderverein M\u00fcnster von 1882 e. V.<\/title>\n<meta name=\"description\" content=\"Antr\u00e4ge, Formulare, Informationen vom Ruderverein M\u00fcnster von 1882 e.V. direkt zum Download bereit\" \/>\n<meta name=\"robots\" content=\"index, follow, max-snippet:-1, max-image-preview:large, max-video-preview:-1\" \/>\n<link rel=\"canonical\" href=\"https:\/\/rvm1882.de\/index.php\/der_verein\/downloads\/\" \/>\n<meta property=\"og:locale\" content=\"de_DE\" \/>\n<meta property=\"og:type\" content=\"article\" \/>\n<meta property=\"og:title\" content=\"Downloads - Ruderverein M\u00fcnster von 1882 e. V.\" \/>\n<meta property=\"og:description\" content=\"Antr\u00e4ge, Formulare, Informationen vom Ruderverein M\u00fcnster von 1882 e.V. direkt zum Download bereit\" \/>\n<meta property=\"og:url\" content=\"https:\/\/rvm1882.de\/index.php\/der_verein\/downloads\/\" \/>\n<meta property=\"og:site_name\" content=\"Ruderverein M\u00fcnster von 1882 e. V.\" \/>\n<meta property=\"article:modified_time\" content=\"2025-03-06T20:36:13+00:00\" \/>\n<meta property=\"og:image\" content=\"https:\/\/rvm1882.de\/wp-content\/uploads\/2021\/01\/DSC_4666_web.jpg\" \/>\n\t<meta property=\"og:image:width\" content=\"1980\" \/>\n\t<meta property=\"og:image:height\" content=\"1235\" \/>\n\t<meta property=\"og:image:type\" content=\"image\/jpeg\" \/>\n<meta name=\"twitter:card\" content=\"summary_large_image\" \/>\n<meta name=\"twitter:label1\" content=\"Gesch\u00e4tzte Lesezeit\" \/>\n\t<meta name=\"twitter:data1\" content=\"1\u00a0Minute\" \/>\n<script type=\"application\/ld+json\" class=\"yoast-schema-graph\">{\"@context\":\"https:\/\/schema.org\",\"@graph\":[{\"@type\":\"WebPage\",\"@id\":\"https:\/\/rvm1882.de\/index.php\/der_verein\/downloads\/\",\"url\":\"https:\/\/rvm1882.de\/index.php\/der_verein\/downloads\/\",\"name\":\"Downloads - Ruderverein M\u00fcnster von 1882 e. V.\",\"isPartOf\":{\"@id\":\"https:\/\/rvm1882.de\/#website\"},\"primaryImageOfPage\":{\"@id\":\"https:\/\/rvm1882.de\/index.php\/der_verein\/downloads\/#primaryimage\"},\"image\":{\"@id\":\"https:\/\/rvm1882.de\/index.php\/der_verein\/downloads\/#primaryimage\"},\"thumbnailUrl\":\"https:\/\/rvm1882.de\/wp-content\/uploads\/2021\/01\/DSC_4666_web.jpg\",\"datePublished\":\"2020-11-25T10:58:51+00:00\",\"dateModified\":\"2025-03-06T20:36:13+00:00\",\"description\":\"Antr\u00e4ge, Formulare, Informationen vom Ruderverein M\u00fcnster von 1882 e.V. direkt zum Download bereit\",\"breadcrumb\":{\"@id\":\"https:\/\/rvm1882.de\/index.php\/der_verein\/downloads\/#breadcrumb\"},\"inLanguage\":\"de\",\"potentialAction\":[{\"@type\":\"ReadAction\",\"target\":[\"https:\/\/rvm1882.de\/index.php\/der_verein\/downloads\/\"]}]},{\"@type\":\"ImageObject\",\"inLanguage\":\"de\",\"@id\":\"https:\/\/rvm1882.de\/index.php\/der_verein\/downloads\/#primaryimage\",\"url\":\"https:\/\/rvm1882.de\/wp-content\/uploads\/2021\/01\/DSC_4666_web.jpg\",\"contentUrl\":\"https:\/\/rvm1882.de\/wp-content\/uploads\/2021\/01\/DSC_4666_web.jpg\",\"width\":1980,\"height\":1235},{\"@type\":\"BreadcrumbList\",\"@id\":\"https:\/\/rvm1882.de\/index.php\/der_verein\/downloads\/#breadcrumb\",\"itemListElement\":[{\"@type\":\"ListItem\",\"position\":1,\"name\":\"Home\",\"item\":\"https:\/\/rvm1882.de\/\"},{\"@type\":\"ListItem\",\"position\":2,\"name\":\"Der Verein\",\"item\":\"https:\/\/rvm1882.de\/index.php\/der_verein\/\"},{\"@type\":\"ListItem\",\"position\":3,\"name\":\"Downloads\"}]},{\"@type\":\"WebSite\",\"@id\":\"https:\/\/rvm1882.de\/#website\",\"url\":\"https:\/\/rvm1882.de\/\",\"name\":\"Ruderverein M\u00fcnster von 1882 e. V.\",\"description\":\"\",\"publisher\":{\"@id\":\"https:\/\/rvm1882.de\/#organization\"},\"potentialAction\":[{\"@type\":\"SearchAction\",\"target\":{\"@type\":\"EntryPoint\",\"urlTemplate\":\"https:\/\/rvm1882.de\/?s={search_term_string}\"},\"query-input\":\"required name=search_term_string\"}],\"inLanguage\":\"de\"},{\"@type\":\"Organization\",\"@id\":\"https:\/\/rvm1882.de\/#organization\",\"name\":\"Ruderverein M\u00fcnster von 1882 e. V.\",\"url\":\"https:\/\/rvm1882.de\/\",\"logo\":{\"@type\":\"ImageObject\",\"inLanguage\":\"de\",\"@id\":\"https:\/\/rvm1882.de\/#\/schema\/logo\/image\/\",\"url\":\"https:\/\/rvm1882.de\/wp-content\/uploads\/2021\/03\/RVM_1882_Logo-1-e1680243356993.png\",\"contentUrl\":\"https:\/\/rvm1882.de\/wp-content\/uploads\/2021\/03\/RVM_1882_Logo-1-e1680243356993.png\",\"width\":500,\"height\":379,\"caption\":\"Ruderverein M\u00fcnster von 1882 e. V.\"},\"image\":{\"@id\":\"https:\/\/rvm1882.de\/#\/schema\/logo\/image\/\"}}]}<\/script>\n<!-- \/ Yoast SEO plugin. -->","yoast_head_json":{"title":"Downloads - Ruderverein M\u00fcnster von 1882 e. V.","description":"Antr\u00e4ge, Formulare, Informationen vom Ruderverein M\u00fcnster von 1882 e.V. direkt zum Download bereit","robots":{"index":"index","follow":"follow","max-snippet":"max-snippet:-1","max-image-preview":"max-image-preview:large","max-video-preview":"max-video-preview:-1"},"canonical":"https:\/\/rvm1882.de\/index.php\/der_verein\/downloads\/","og_locale":"de_DE","og_type":"article","og_title":"Downloads - Ruderverein M\u00fcnster von 1882 e. V.","og_description":"Antr\u00e4ge, Formulare, Informationen vom Ruderverein M\u00fcnster von 1882 e.V. direkt zum Download bereit","og_url":"https:\/\/rvm1882.de\/index.php\/der_verein\/downloads\/","og_site_name":"Ruderverein M\u00fcnster von 1882 e. V.","article_modified_time":"2025-03-06T20:36:13+00:00","og_image":[{"width":1980,"height":1235,"url":"https:\/\/rvm1882.de\/wp-content\/uploads\/2021\/01\/DSC_4666_web.jpg","type":"image\/jpeg"}],"twitter_card":"summary_large_image","twitter_misc":{"Gesch\u00e4tzte Lesezeit":"1\u00a0Minute"},"schema":{"@context":"https:\/\/schema.org","@graph":[{"@type":"WebPage","@id":"https:\/\/rvm1882.de\/index.php\/der_verein\/downloads\/","url":"https:\/\/rvm1882.de\/index.php\/der_verein\/downloads\/","name":"Downloads - Ruderverein M\u00fcnster von 1882 e. V.","isPartOf":{"@id":"https:\/\/rvm1882.de\/#website"},"primaryImageOfPage":{"@id":"https:\/\/rvm1882.de\/index.php\/der_verein\/downloads\/#primaryimage"},"image":{"@id":"https:\/\/rvm1882.de\/index.php\/der_verein\/downloads\/#primaryimage"},"thumbnailUrl":"https:\/\/rvm1882.de\/wp-content\/uploads\/2021\/01\/DSC_4666_web.jpg","datePublished":"2020-11-25T10:58:51+00:00","dateModified":"2025-03-06T20:36:13+00:00","description":"Antr\u00e4ge, Formulare, Informationen vom Ruderverein M\u00fcnster von 1882 e.V. direkt zum Download bereit","breadcrumb":{"@id":"https:\/\/rvm1882.de\/index.php\/der_verein\/downloads\/#breadcrumb"},"inLanguage":"de","potentialAction":[{"@type":"ReadAction","target":["https:\/\/rvm1882.de\/index.php\/der_verein\/downloads\/"]}]},{"@type":"ImageObject","inLanguage":"de","@id":"https:\/\/rvm1882.de\/index.php\/der_verein\/downloads\/#primaryimage","url":"https:\/\/rvm1882.de\/wp-content\/uploads\/2021\/01\/DSC_4666_web.jpg","contentUrl":"https:\/\/rvm1882.de\/wp-content\/uploads\/2021\/01\/DSC_4666_web.jpg","width":1980,"height":1235},{"@type":"BreadcrumbList","@id":"https:\/\/rvm1882.de\/index.php\/der_verein\/downloads\/#breadcrumb","itemListElement":[{"@type":"ListItem","position":1,"name":"Home","item":"https:\/\/rvm1882.de\/"},{"@type":"ListItem","position":2,"name":"Der Verein","item":"https:\/\/rvm1882.de\/index.php\/der_verein\/"},{"@type":"ListItem","position":3,"name":"Downloads"}]},{"@type":"WebSite","@id":"https:\/\/rvm1882.de\/#website","url":"https:\/\/rvm1882.de\/","name":"Ruderverein M\u00fcnster von 1882 e. V.","description":"","publisher":{"@id":"https:\/\/rvm1882.de\/#organization"},"potentialAction":[{"@type":"SearchAction","target":{"@type":"EntryPoint","urlTemplate":"https:\/\/rvm1882.de\/?s={search_term_string}"},"query-input":"required name=search_term_string"}],"inLanguage":"de"},{"@type":"Organization","@id":"https:\/\/rvm1882.de\/#organization","name":"Ruderverein M\u00fcnster von 1882 e. V.","url":"https:\/\/rvm1882.de\/","logo":{"@type":"ImageObject","inLanguage":"de","@id":"https:\/\/rvm1882.de\/#\/schema\/logo\/image\/","url":"https:\/\/rvm1882.de\/wp-content\/uploads\/2021\/03\/RVM_1882_Logo-1-e1680243356993.png","contentUrl":"https:\/\/rvm1882.de\/wp-content\/uploads\/2021\/03\/RVM_1882_Logo-1-e1680243356993.png","width":500,"height":379,"caption":"Ruderverein M\u00fcnster von 1882 e. V."},"image":{"@id":"https:\/\/rvm1882.de\/#\/schema\/logo\/image\/"}}]}},"_links":{"self":[{"href":"https:\/\/rvm1882.de\/index.php\/wp-json\/wp\/v2\/pages\/726"}],"collection":[{"href":"https:\/\/rvm1882.de\/index.php\/wp-json\/wp\/v2\/pages"}],"about":[{"href":"https:\/\/rvm1882.de\/index.php\/wp-json\/wp\/v2\/types\/page"}],"author":[{"embeddable":true,"href":"https:\/\/rvm1882.de\/index.php\/wp-json\/wp\/v2\/users\/2"}],"replies":[{"embeddable":true,"href":"https:\/\/rvm1882.de\/index.php\/wp-json\/wp\/v2\/comments?post=726"}],"version-history":[{"count":33,"href":"https:\/\/rvm1882.de\/index.php\/wp-json\/wp\/v2\/pages\/726\/revisions"}],"predecessor-version":[{"id":2216,"href":"https:\/\/rvm1882.de\/index.php\/wp-json\/wp\/v2\/pages\/726\/revisions\/2216"}],"up":[{"embeddable":true,"href":"https:\/\/rvm1882.de\/index.php\/wp-json\/wp\/v2\/pages\/8"}],"wp:featuredmedia":[{"embeddable":true,"href":"https:\/\/rvm1882.de\/index.php\/wp-json\/wp\/v2\/media\/956"}],"wp:attachment":[{"href":"https:\/\/rvm1882.de\/index.php\/wp-json\/wp\/v2\/media?parent=726"}],"curies":[{"name":"wp","href":"https:\/\/api.w.org\/{rel}","templated":true}]}}