{"id":756,"date":"2020-11-25T12:32:32","date_gmt":"2020-11-25T11:32:32","guid":{"rendered":"https:\/\/rvm1882.wp-hosting.dnl-computer.de\/?page_id=756"},"modified":"2026-03-17T11:47:49","modified_gmt":"2026-03-17T10:47:49","slug":"freizeit","status":"publish","type":"page","link":"https:\/\/rvm1882.de\/index.php\/rudern\/freizeit\/","title":{"rendered":"Freizeitrudern f\u00fcr alle"},"content":{"rendered":"\n<h2 class=\"wp-block-heading has-text-align-center\">Rudern ist in jedem Alter beliebt. Das bietet unsere Breitensportabteilung.<\/h2>\n\n\n\n<p>Rudern ist ein optimaler Kraft- und Ausdauersport, der bis ins hohe Alter ausge\u00fcbt werden kann. Im Breitensportbereich des Rudervereins M\u00fcnster gibt es vielf\u00e4ltige M\u00f6glichkeiten, sich sportlich zu bet\u00e4tigen. Sportlich ambitionierte Ruderinnen und Ruderer haben die M\u00f6glichkeit, ihr K\u00f6nnen auf Regatten in Deutschland und im nahen Ausland zu beweisen. Nat\u00fcrlich ist es auch m\u00f6glich, sich einfach und mit weniger Zeitaufwand bei gelegentlicher Teilnahme an den offenen Rudertreffs fit zu halten.<\/p>\n\n\n\n<p><strong>Du willst unseren sch\u00f6nen Sport erlernen? <\/strong>Jedes Jahr bietet der RVM zahlreichen Rudersport Interessierten die Gelegenheit, in den sehr beliebten Anf\u00e4ngerkursen das kleine 1\u00d71 des Ruderns zu erlernen. Wer m\u00f6chte, kann dann in Fortgeschrittenenkursen das Erlernte vertiefen.<\/p>\n\n\n\n<p>Bei den regelm\u00e4\u00dfigen Ausfahrten auf dem Dortmund-Ems-Kanal kannst du zum einen mit anderen Rudersportbegeisterten die Sch\u00f6nheiten des Rudersports erleben und zum anderen die Stadt M\u00fcnster einmal aus einer ganz anderen Perspektive entdecken.<\/p>\n\n\n\n<p>Mehrmals im Jahr werden auch <strong>Wanderfahrten<\/strong> auf interessanten Gew\u00e4ssern im In- und Ausland von der Breitensportabteilung organisiert.<\/p>\n\n\n\n<p><strong>Du m\u00f6chtest dich noch mehr sportlich bet\u00e4tigen und auch das rege Vereinsleben des Rudervereins M\u00fcnster kennenlernen?<\/strong> Kein Problem! Wenn es auf dem Dortmund-Ems-Kanal langsam \u201eeisig\u201c wird, trainieren wir regelm\u00e4\u00dfig auf unseren Ruderergometern und im eigenen Kraftraum. Ein Hallentraining geh\u00f6rt ebenfalls zu den Angeboten. Wer Sport in einem Verein betreibt, der m\u00f6chte nicht nur etwas f\u00fcr seine Gesundheit und Kondition tun, sondern auch das Vereinsleben erleben. Hierzu gibt es vielf\u00e4ltige M\u00f6glichkeiten, z.B. bei den w\u00f6chentlichen Treffs in unserem Clubraum, bei unserem Sommersfest oder bei den anderen gesellschaftlichen Ereignissen im Verein.<\/p>\n\n\n\n<p><strong>Haben wir dich neugierig gemacht?<\/strong><\/p>\n\n\n\n<div style=\"height:30px\" aria-hidden=\"true\" class=\"wp-block-spacer\"><\/div>\n\n\n\n<div class=\"wp-block-cover alignfull is-light\" style=\"min-height:600px;aspect-ratio:unset;\"><span aria-hidden=\"true\" class=\"wp-block-cover__background has-background-dim-0 has-background-dim\"><\/span><img loading=\"lazy\" decoding=\"async\" width=\"1024\" height=\"683\" sizes=\"(max-width: 799px) 200vw,(max-width: 1024px) 100vw,1024px\" class=\"wp-block-cover__image-background wp-image-424\" alt=\"\" src=\"https:\/\/rvm1882.de\/wp-content\/uploads\/2020\/11\/Anrudern-des-Rudervereins-Muenster-von-1882-Aufbruch-zu-neuen-Ufern_image_1024_width.jpg\" style=\"object-position:48% 73%\" data-object-fit=\"cover\" data-object-position=\"48% 73%\" srcset=\"https:\/\/rvm1882.de\/wp-content\/uploads\/2020\/11\/Anrudern-des-Rudervereins-Muenster-von-1882-Aufbruch-zu-neuen-Ufern_image_1024_width.jpg 1024w, https:\/\/rvm1882.de\/wp-content\/uploads\/2020\/11\/Anrudern-des-Rudervereins-Muenster-von-1882-Aufbruch-zu-neuen-Ufern_image_1024_width-300x200.jpg 300w, https:\/\/rvm1882.de\/wp-content\/uploads\/2020\/11\/Anrudern-des-Rudervereins-Muenster-von-1882-Aufbruch-zu-neuen-Ufern_image_1024_width-768x512.jpg 768w\" \/><div class=\"wp-block-cover__inner-container is-layout-flow wp-block-cover-is-layout-flow\">\n<p class=\"has-text-align-center has-large-font-size\"><\/p>\n<\/div><\/div>\n\n\n\n<h2 class=\"wp-block-heading\">Offener Rudertreff<\/h2>\n\n\n\n<p>In der Woche findet der offene Rudertreff (ORT) statt, zu denen wir alle Vereinsmitglieder herzlich einladen. Auch Wiedereinsteiger und G\u00e4ste aus anderen Vereinen sind willkommen.<\/p>\n\n\n\n<p><strong>Termine:<\/strong><\/p>\n\n\n\n<p><strong>Offener Rudertreff:<\/strong><br><!-- Dienstags, 18:00 Uhr (anschl. Stammtisch)<br>Donnerstags, 18:00 Uhr<br>Samstags, 14:30 Uhr<br> -->Sonntags, 11:00 Uhr<\/p>\n\n\n\n<p>Dar\u00fcber hinaus k\u00f6nnen sich erfahrene RuderInnen auch au\u00dferhalb der offenen Rudertreffs verabreden.<\/p>\n\n\n\n<p><strong>Technik-Training:<\/strong><\/p>\n\n\n\n<p>Samstags (14:15 Uhr) gibt es das Angebot eines betreuten Technik-Trainings. Die Termine werden im Newsletter bekannt gegeben. Voraussetzung ist eine <strong>verbindliche Anmeldung <\/strong> und die Einstufung mindestens in Ruderklasse 2. Die Berechtigung f\u00fcr Ruderklasse 3 w\u00e4re optimal. In welchen Besetzungen und mit welchen Booten wir dann starten, wird am Bootshaus entschieden.<\/p>\n\n\n\n<p><strong>F\u00fcr weitere Informationen<\/strong> schickt eine E-Mail an <a href=\"mailto:breitensport@rvm1882.de\">breitensport@rvm1882.de<\/a>.<\/p>\n\n\n\n<div style=\"height:30px\" aria-hidden=\"true\" class=\"wp-block-spacer\"><\/div>\n\n\n\n<div class=\"wp-block-cover alignfull\" style=\"min-height:450px;aspect-ratio:unset;\"><span aria-hidden=\"true\" class=\"wp-block-cover__background has-background-dim-0 has-background-dim\"><\/span><img loading=\"lazy\" decoding=\"async\" width=\"1980\" height=\"1320\" sizes=\"(max-width: 799px) 200vw,(max-width: 1980px) 100vw,1980px\" class=\"wp-block-cover__image-background wp-image-935\" alt=\"\" src=\"https:\/\/rvm1882.de\/wp-content\/uploads\/2021\/01\/5658E283-CD0B-43A3-9204-C7B65BF35B20_web.jpg\" style=\"object-position:53% 48%\" data-object-fit=\"cover\" data-object-position=\"53% 48%\" srcset=\"https:\/\/rvm1882.de\/wp-content\/uploads\/2021\/01\/5658E283-CD0B-43A3-9204-C7B65BF35B20_web.jpg 1980w, https:\/\/rvm1882.de\/wp-content\/uploads\/2021\/01\/5658E283-CD0B-43A3-9204-C7B65BF35B20_web-300x200.jpg 300w, https:\/\/rvm1882.de\/wp-content\/uploads\/2021\/01\/5658E283-CD0B-43A3-9204-C7B65BF35B20_web-1024x683.jpg 1024w, https:\/\/rvm1882.de\/wp-content\/uploads\/2021\/01\/5658E283-CD0B-43A3-9204-C7B65BF35B20_web-768x512.jpg 768w, https:\/\/rvm1882.de\/wp-content\/uploads\/2021\/01\/5658E283-CD0B-43A3-9204-C7B65BF35B20_web-1536x1024.jpg 1536w, https:\/\/rvm1882.de\/wp-content\/uploads\/2021\/01\/5658E283-CD0B-43A3-9204-C7B65BF35B20_web-1200x800.jpg 1200w\" \/><div class=\"wp-block-cover__inner-container is-layout-flow wp-block-cover-is-layout-flow\">\n<p class=\"has-text-align-center has-large-font-size\"><\/p>\n<\/div><\/div>\n\n\n\n<h2 class=\"wp-block-heading\">Rudern lernen<\/h2>\n\n\n\n<h4 class=\"wp-block-heading\">Anf\u00e4ngerkurse f\u00fcr Erwachsene<\/h4>\n\n\n\n<p>F\u00fcr ruderinteressierte Frauen und M\u00e4nner (ab 18 Jahren) bietet der Ruderverein M\u00fcnster Anf\u00e4ngerkurse an, bei denen erfahrene Ausbilder die praktischen Grundlagen des Rudersports und das theoretische Wissen rund ums Rudern vermitteln.<\/p>\n\n\n\n<p>Neue Kurse werden im Fr\u00fchjahr 2027 angeboten. Interessent*innen f\u00fcr diese Kurse k\u00f6nnen sich ab dem 1. Oktober 2026 registrieren. <\/p>\n\n\n\n<p class=\"has-accent-color has-text-color\"><strong>Hallentraining geh\u00f6rt ebenfalls dazu<\/strong><\/p>\n\n\n\n<p>In der Zeit zwischen den Herbstferien und den Osterferien treffen wir uns montags von 19:00 bis 20:30 Uhr in der alten Turnhalle der Erna-de-Vries-Schule und donnerstags von 18:00 Uhr bis 19:00 Uhr in den R\u00e4umen des Rudervereins am Mittelhafen.<\/p>\n\n\n\n<div class=\"wp-block-cover alignfull is-light is-style-default\" style=\"min-height:450px;aspect-ratio:unset;\"><span aria-hidden=\"true\" class=\"wp-block-cover__background has-background-dim-0 has-background-dim\"><\/span><img loading=\"lazy\" decoding=\"async\" width=\"1000\" height=\"750\" sizes=\"(max-width: 799px) 200vw,(max-width: 1000px) 100vw,1000px\" class=\"wp-block-cover__image-background wp-image-2104\" alt=\"\" src=\"https:\/\/rvm1882.de\/wp-content\/uploads\/2023\/10\/RVM_Hallensport-1.jpg\" data-object-fit=\"cover\" srcset=\"https:\/\/rvm1882.de\/wp-content\/uploads\/2023\/10\/RVM_Hallensport-1.jpg 1000w, https:\/\/rvm1882.de\/wp-content\/uploads\/2023\/10\/RVM_Hallensport-1-300x225.jpg 300w, https:\/\/rvm1882.de\/wp-content\/uploads\/2023\/10\/RVM_Hallensport-1-768x576.jpg 768w\" \/><div class=\"wp-block-cover__inner-container is-layout-flow wp-block-cover-is-layout-flow\">\n<p class=\"has-text-align-center has-large-font-size\"><\/p>\n<\/div><\/div>\n\n\n\n<div class=\"wp-block-group alignfull\"><div class=\"wp-block-group__inner-container is-layout-flow wp-block-group-is-layout-flow\">\n<h2 class=\"wp-block-heading has-text-align-center\">Kontakt<\/h2>\n\n\n\n<div class=\"wp-block-columns alignwide tw-justify-center has-text-align-center tw-gutter-large is-layout-flex wp-container-core-columns-is-layout-1 wp-block-columns-is-layout-flex\">\n<div class=\"wp-block-column is-layout-flow wp-block-column-is-layout-flow\"><div class=\"wp-block-image is-style-rounded\">\n<figure class=\"aligncenter size-large is-resized\"><img loading=\"lazy\" decoding=\"async\" width=\"1024\" height=\"1024\" src=\"https:\/\/rvm1882.de\/wp-content\/uploads\/2022\/03\/DSC_3497-1024x1024.jpg\" alt=\"\" class=\"wp-image-1802\" style=\"width:512px;height:512px\" srcset=\"https:\/\/rvm1882.de\/wp-content\/uploads\/2022\/03\/DSC_3497-1024x1024.jpg 1024w, https:\/\/rvm1882.de\/wp-content\/uploads\/2022\/03\/DSC_3497-300x300.jpg 300w, https:\/\/rvm1882.de\/wp-content\/uploads\/2022\/03\/DSC_3497-150x150.jpg 150w, https:\/\/rvm1882.de\/wp-content\/uploads\/2022\/03\/DSC_3497-768x768.jpg 768w, https:\/\/rvm1882.de\/wp-content\/uploads\/2022\/03\/DSC_3497-1536x1536.jpg 1536w, https:\/\/rvm1882.de\/wp-content\/uploads\/2022\/03\/DSC_3497-1200x1200.jpg 1200w, https:\/\/rvm1882.de\/wp-content\/uploads\/2022\/03\/DSC_3497.jpg 1561w\" sizes=\"(max-width: 1024px) 100vw, 1024px\" \/><\/figure><\/div>\n\n\n<h3 class=\"wp-block-heading tw-mb-1 has-h-4-font-size\">Sebastian Fuchs<\/h3>\n\n\n\n<h4 class=\"wp-block-heading has-h-5-font-size\"><strong>Leiter der Breitensportabteilung<\/strong><\/h4>\n\n\n\n<p><a href=\"mailto:s.fuchs@rvm1882.de\"><strong>s.fuchs@rvm1882.de<\/strong><\/a><\/p>\n\n\n\n<p><\/p>\n<\/div>\n<\/div>\n<\/div><\/div>\n","protected":false},"excerpt":{"rendered":"<p>Rudern ist in jedem Alter beliebt. Das bietet unsere Breitensportabteilung. Rudern ist ein optimaler Kraft- und Ausdauersport, der bis ins hohe Alter ausge\u00fcbt werden kann. Im Breitensportbereich des Rudervereins M\u00fcnster&hellip;<\/p>\n","protected":false},"author":2,"featured_media":207,"parent":748,"menu_order":0,"comment_status":"closed","ping_status":"closed","template":"","meta":{"_monsterinsights_skip_tracking":false,"_monsterinsights_sitenote_active":false,"_monsterinsights_sitenote_note":"","_monsterinsights_sitenote_category":0,"footnotes":""},"aioseo_notices":[],"yoast_head":"<!-- This site is optimized with the Yoast SEO plugin v22.6 - https:\/\/yoast.com\/wordpress\/plugins\/seo\/ -->\n<title>Freizeitrudern f\u00fcr alle - Ruderverein M\u00fcnster von 1882 e. V.<\/title>\n<meta name=\"description\" content=\"Die Breitensportabteilung des RVM M\u00fcnster empfiehlt: Rudern ist ein optimaler Kraft- und Ausdauersport, der bis ins hohe Alter ausge\u00fcbt werden kann.\" \/>\n<meta name=\"robots\" content=\"index, follow, max-snippet:-1, max-image-preview:large, max-video-preview:-1\" \/>\n<link rel=\"canonical\" href=\"https:\/\/rvm1882.de\/index.php\/rudern\/freizeit\/\" \/>\n<meta property=\"og:locale\" content=\"de_DE\" \/>\n<meta property=\"og:type\" content=\"article\" \/>\n<meta property=\"og:title\" content=\"Freizeitrudern f\u00fcr alle - Ruderverein M\u00fcnster von 1882 e. V.\" \/>\n<meta property=\"og:description\" content=\"Die Breitensportabteilung des RVM M\u00fcnster empfiehlt: Rudern ist ein optimaler Kraft- und Ausdauersport, der bis ins hohe Alter ausge\u00fcbt werden kann.\" \/>\n<meta property=\"og:url\" content=\"https:\/\/rvm1882.de\/index.php\/rudern\/freizeit\/\" \/>\n<meta property=\"og:site_name\" content=\"Ruderverein M\u00fcnster von 1882 e. V.\" \/>\n<meta property=\"article:modified_time\" content=\"2026-03-17T10:47:49+00:00\" \/>\n<meta property=\"og:image\" content=\"https:\/\/rvm1882.de\/wp-content\/uploads\/2020\/11\/RVM_Bootstaufe_Ausfahrt.jpg\" \/>\n\t<meta property=\"og:image:width\" content=\"1280\" \/>\n\t<meta property=\"og:image:height\" content=\"853\" \/>\n\t<meta property=\"og:image:type\" content=\"image\/jpeg\" \/>\n<meta name=\"twitter:card\" content=\"summary_large_image\" \/>\n<meta name=\"twitter:label1\" content=\"Gesch\u00e4tzte Lesezeit\" \/>\n\t<meta name=\"twitter:data1\" content=\"4\u00a0Minuten\" \/>\n<script type=\"application\/ld+json\" class=\"yoast-schema-graph\">{\"@context\":\"https:\/\/schema.org\",\"@graph\":[{\"@type\":\"WebPage\",\"@id\":\"https:\/\/rvm1882.de\/index.php\/rudern\/freizeit\/\",\"url\":\"https:\/\/rvm1882.de\/index.php\/rudern\/freizeit\/\",\"name\":\"Freizeitrudern f\u00fcr alle - Ruderverein M\u00fcnster von 1882 e. V.\",\"isPartOf\":{\"@id\":\"https:\/\/rvm1882.de\/#website\"},\"primaryImageOfPage\":{\"@id\":\"https:\/\/rvm1882.de\/index.php\/rudern\/freizeit\/#primaryimage\"},\"image\":{\"@id\":\"https:\/\/rvm1882.de\/index.php\/rudern\/freizeit\/#primaryimage\"},\"thumbnailUrl\":\"https:\/\/rvm1882.de\/wp-content\/uploads\/2020\/11\/RVM_Bootstaufe_Ausfahrt.jpg\",\"datePublished\":\"2020-11-25T11:32:32+00:00\",\"dateModified\":\"2026-03-17T10:47:49+00:00\",\"description\":\"Die Breitensportabteilung des RVM M\u00fcnster empfiehlt: Rudern ist ein optimaler Kraft- und Ausdauersport, der bis ins hohe Alter ausge\u00fcbt werden kann.\",\"breadcrumb\":{\"@id\":\"https:\/\/rvm1882.de\/index.php\/rudern\/freizeit\/#breadcrumb\"},\"inLanguage\":\"de\",\"potentialAction\":[{\"@type\":\"ReadAction\",\"target\":[\"https:\/\/rvm1882.de\/index.php\/rudern\/freizeit\/\"]}]},{\"@type\":\"ImageObject\",\"inLanguage\":\"de\",\"@id\":\"https:\/\/rvm1882.de\/index.php\/rudern\/freizeit\/#primaryimage\",\"url\":\"https:\/\/rvm1882.de\/wp-content\/uploads\/2020\/11\/RVM_Bootstaufe_Ausfahrt.jpg\",\"contentUrl\":\"https:\/\/rvm1882.de\/wp-content\/uploads\/2020\/11\/RVM_Bootstaufe_Ausfahrt.jpg\",\"width\":1280,\"height\":853},{\"@type\":\"BreadcrumbList\",\"@id\":\"https:\/\/rvm1882.de\/index.php\/rudern\/freizeit\/#breadcrumb\",\"itemListElement\":[{\"@type\":\"ListItem\",\"position\":1,\"name\":\"Home\",\"item\":\"https:\/\/rvm1882.de\/\"},{\"@type\":\"ListItem\",\"position\":2,\"name\":\"Rudern in M\u00fcnster\",\"item\":\"https:\/\/rvm1882.de\/index.php\/rudern\/\"},{\"@type\":\"ListItem\",\"position\":3,\"name\":\"Freizeitrudern f\u00fcr alle\"}]},{\"@type\":\"WebSite\",\"@id\":\"https:\/\/rvm1882.de\/#website\",\"url\":\"https:\/\/rvm1882.de\/\",\"name\":\"Ruderverein M\u00fcnster von 1882 e. V.\",\"description\":\"\",\"publisher\":{\"@id\":\"https:\/\/rvm1882.de\/#organization\"},\"potentialAction\":[{\"@type\":\"SearchAction\",\"target\":{\"@type\":\"EntryPoint\",\"urlTemplate\":\"https:\/\/rvm1882.de\/?s={search_term_string}\"},\"query-input\":\"required name=search_term_string\"}],\"inLanguage\":\"de\"},{\"@type\":\"Organization\",\"@id\":\"https:\/\/rvm1882.de\/#organization\",\"name\":\"Ruderverein M\u00fcnster von 1882 e. V.\",\"url\":\"https:\/\/rvm1882.de\/\",\"logo\":{\"@type\":\"ImageObject\",\"inLanguage\":\"de\",\"@id\":\"https:\/\/rvm1882.de\/#\/schema\/logo\/image\/\",\"url\":\"https:\/\/rvm1882.de\/wp-content\/uploads\/2021\/03\/RVM_1882_Logo-1-e1680243356993.png\",\"contentUrl\":\"https:\/\/rvm1882.de\/wp-content\/uploads\/2021\/03\/RVM_1882_Logo-1-e1680243356993.png\",\"width\":500,\"height\":379,\"caption\":\"Ruderverein M\u00fcnster von 1882 e. V.\"},\"image\":{\"@id\":\"https:\/\/rvm1882.de\/#\/schema\/logo\/image\/\"}}]}<\/script>\n<!-- \/ Yoast SEO plugin. -->","yoast_head_json":{"title":"Freizeitrudern f\u00fcr alle - Ruderverein M\u00fcnster von 1882 e. V.","description":"Die Breitensportabteilung des RVM M\u00fcnster empfiehlt: Rudern ist ein optimaler Kraft- und Ausdauersport, der bis ins hohe Alter ausge\u00fcbt werden kann.","robots":{"index":"index","follow":"follow","max-snippet":"max-snippet:-1","max-image-preview":"max-image-preview:large","max-video-preview":"max-video-preview:-1"},"canonical":"https:\/\/rvm1882.de\/index.php\/rudern\/freizeit\/","og_locale":"de_DE","og_type":"article","og_title":"Freizeitrudern f\u00fcr alle - Ruderverein M\u00fcnster von 1882 e. V.","og_description":"Die Breitensportabteilung des RVM M\u00fcnster empfiehlt: Rudern ist ein optimaler Kraft- und Ausdauersport, der bis ins hohe Alter ausge\u00fcbt werden kann.","og_url":"https:\/\/rvm1882.de\/index.php\/rudern\/freizeit\/","og_site_name":"Ruderverein M\u00fcnster von 1882 e. V.","article_modified_time":"2026-03-17T10:47:49+00:00","og_image":[{"width":1280,"height":853,"url":"https:\/\/rvm1882.de\/wp-content\/uploads\/2020\/11\/RVM_Bootstaufe_Ausfahrt.jpg","type":"image\/jpeg"}],"twitter_card":"summary_large_image","twitter_misc":{"Gesch\u00e4tzte Lesezeit":"4\u00a0Minuten"},"schema":{"@context":"https:\/\/schema.org","@graph":[{"@type":"WebPage","@id":"https:\/\/rvm1882.de\/index.php\/rudern\/freizeit\/","url":"https:\/\/rvm1882.de\/index.php\/rudern\/freizeit\/","name":"Freizeitrudern f\u00fcr alle - Ruderverein M\u00fcnster von 1882 e. V.","isPartOf":{"@id":"https:\/\/rvm1882.de\/#website"},"primaryImageOfPage":{"@id":"https:\/\/rvm1882.de\/index.php\/rudern\/freizeit\/#primaryimage"},"image":{"@id":"https:\/\/rvm1882.de\/index.php\/rudern\/freizeit\/#primaryimage"},"thumbnailUrl":"https:\/\/rvm1882.de\/wp-content\/uploads\/2020\/11\/RVM_Bootstaufe_Ausfahrt.jpg","datePublished":"2020-11-25T11:32:32+00:00","dateModified":"2026-03-17T10:47:49+00:00","description":"Die Breitensportabteilung des RVM M\u00fcnster empfiehlt: Rudern ist ein optimaler Kraft- und Ausdauersport, der bis ins hohe Alter ausge\u00fcbt werden kann.","breadcrumb":{"@id":"https:\/\/rvm1882.de\/index.php\/rudern\/freizeit\/#breadcrumb"},"inLanguage":"de","potentialAction":[{"@type":"ReadAction","target":["https:\/\/rvm1882.de\/index.php\/rudern\/freizeit\/"]}]},{"@type":"ImageObject","inLanguage":"de","@id":"https:\/\/rvm1882.de\/index.php\/rudern\/freizeit\/#primaryimage","url":"https:\/\/rvm1882.de\/wp-content\/uploads\/2020\/11\/RVM_Bootstaufe_Ausfahrt.jpg","contentUrl":"https:\/\/rvm1882.de\/wp-content\/uploads\/2020\/11\/RVM_Bootstaufe_Ausfahrt.jpg","width":1280,"height":853},{"@type":"BreadcrumbList","@id":"https:\/\/rvm1882.de\/index.php\/rudern\/freizeit\/#breadcrumb","itemListElement":[{"@type":"ListItem","position":1,"name":"Home","item":"https:\/\/rvm1882.de\/"},{"@type":"ListItem","position":2,"name":"Rudern in M\u00fcnster","item":"https:\/\/rvm1882.de\/index.php\/rudern\/"},{"@type":"ListItem","position":3,"name":"Freizeitrudern f\u00fcr alle"}]},{"@type":"WebSite","@id":"https:\/\/rvm1882.de\/#website","url":"https:\/\/rvm1882.de\/","name":"Ruderverein M\u00fcnster von 1882 e. V.","description":"","publisher":{"@id":"https:\/\/rvm1882.de\/#organization"},"potentialAction":[{"@type":"SearchAction","target":{"@type":"EntryPoint","urlTemplate":"https:\/\/rvm1882.de\/?s={search_term_string}"},"query-input":"required name=search_term_string"}],"inLanguage":"de"},{"@type":"Organization","@id":"https:\/\/rvm1882.de\/#organization","name":"Ruderverein M\u00fcnster von 1882 e. V.","url":"https:\/\/rvm1882.de\/","logo":{"@type":"ImageObject","inLanguage":"de","@id":"https:\/\/rvm1882.de\/#\/schema\/logo\/image\/","url":"https:\/\/rvm1882.de\/wp-content\/uploads\/2021\/03\/RVM_1882_Logo-1-e1680243356993.png","contentUrl":"https:\/\/rvm1882.de\/wp-content\/uploads\/2021\/03\/RVM_1882_Logo-1-e1680243356993.png","width":500,"height":379,"caption":"Ruderverein M\u00fcnster von 1882 e. V."},"image":{"@id":"https:\/\/rvm1882.de\/#\/schema\/logo\/image\/"}}]}},"_links":{"self":[{"href":"https:\/\/rvm1882.de\/index.php\/wp-json\/wp\/v2\/pages\/756"}],"collection":[{"href":"https:\/\/rvm1882.de\/index.php\/wp-json\/wp\/v2\/pages"}],"about":[{"href":"https:\/\/rvm1882.de\/index.php\/wp-json\/wp\/v2\/types\/page"}],"author":[{"embeddable":true,"href":"https:\/\/rvm1882.de\/index.php\/wp-json\/wp\/v2\/users\/2"}],"replies":[{"embeddable":true,"href":"https:\/\/rvm1882.de\/index.php\/wp-json\/wp\/v2\/comments?post=756"}],"version-history":[{"count":55,"href":"https:\/\/rvm1882.de\/index.php\/wp-json\/wp\/v2\/pages\/756\/revisions"}],"predecessor-version":[{"id":2248,"href":"https:\/\/rvm1882.de\/index.php\/wp-json\/wp\/v2\/pages\/756\/revisions\/2248"}],"up":[{"embeddable":true,"href":"https:\/\/rvm1882.de\/index.php\/wp-json\/wp\/v2\/pages\/748"}],"wp:featuredmedia":[{"embeddable":true,"href":"https:\/\/rvm1882.de\/index.php\/wp-json\/wp\/v2\/media\/207"}],"wp:attachment":[{"href":"https:\/\/rvm1882.de\/index.php\/wp-json\/wp\/v2\/media?parent=756"}],"curies":[{"name":"wp","href":"https:\/\/api.w.org\/{rel}","templated":true}]}}